051 a multiple of 83?
True
Is 667 a multiple of 8?
False
Is 87 a factor of 1367?
False
Is 335 a multiple of 9?
False
Is 704 a multiple of 84?
False
Is 45 a factor of 19452?
False
Is 133 a factor of 108360?
False
Does 219 divide 2409?
True
Is 283 a multiple of 13?
False
Is 109 a multiple of 2?
False
Does 14 divide 1222?
False
Is 3 a factor of 17?
False
Is 67 a multiple of 3?
False
Does 16 divide 448?
True
Does 37 divide 90394?
False
Is 621 a multiple of 27?
True
Is 22 a factor of 2244?
True
Is 4 a factor of 172?
True
Is 820 a multiple of 19?
False
Is 25 a factor of 70926?
False
Does 5 divide 2425?
True
Is 15 a factor of 1785?
True
Is 8 a factor of 106?
False
Is 44 a factor of 1320?
True
Is 3 a factor of 2352?
True
Is 13 a factor of 68459?
False
Does 23 divide 1035?
True
Is 59 a factor of 9735?
True
Is 5 a factor of 1365?
True
Is 14580 a multiple of 108?
True
Does 23 divide 421?
False
Does 19 divide 1007?
True
Is 2 a factor of 1003?
False
Is 24341 a multiple of 101?
True
Does 17 divide 30685?
True
Is 13 a factor of 4264?
True
Is 1633 a multiple of 71?
True
Is 72 a factor of 34488?
True
Does 117 divide 1872?
True
Does 25 divide 3875?
True
Is 20 a factor of 1918?
False
Is 340 a multiple of 17?
True
Is 416 a multiple of 3?
False
Is 8156 a multiple of 22?
False
Is 60 a factor of 4345?
False
Is 195 a multiple of 19?
False
Does 2 divide 645?
False
Is 15 a factor of 60?
True
Is 624 a multiple of 39?
True
Is 56 a factor of 336?
True
Does 13 divide 3302?
True
Is 13676 a multiple of 33?
False
Is 4365 a multiple of 17?
False
Is 1470 a multiple of 18?
False
Is 36 a factor of 10509?
False
Does 4 divide 1076?
True
Does 89 divide 11977?
False
Is 9 a factor of 9846?
True
Does 11 divide 10789?
False
Does 2 divide 282?
True
Does 221 divide 40443?
True
Is 147 a factor of 22249?
False
Does 31 divide 2187?
False
Does 7 divide 6594?
True
Is 163 a factor of 96839?
False
Is 4 a factor of 436?
True
Is 87 a factor of 15343?
False
Is 9535 a multiple of 123?
False
Is 44505 a multiple of 132?
False
Does 52 divide 1545?
False
Is 73125 a multiple of 125?
True
Does 63 divide 8379?
True
Does 134 divide 32767?
False
Does 2 divide 218?
True
Does 4 divide 2191?
False
Is 1008 a multiple of 21?
True
Is 17990 a multiple of 14?
True
Does 11 divide 1387?
False
Is 2448 a multiple of 48?
True
Is 7956 a multiple of 68?
True
Is 59 a factor of 2461?
False
Is 20850 a multiple of 15?
True
Does 7 divide 13916?
True
Is 6032 a multiple of 16?
True
Does 12 divide 7788?
True
Is 1148 a multiple of 14?
True
Is 31 a factor of 1147?
True
Does 2 divide 1809?
False
Is 14 a factor of 29960?
True
Is 2472 a multiple of 22?
False
Is 5 a factor of 12825?
True
Does 101 divide 10908?
True
Does 15 divide 4545?
True
Does 15 divide 2280?
True
Is 11 a factor of 6479?
True
Does 32 divide 928?
True
Is 41 a multiple of 36?
False
Does 7 divide 2390?
False
Is 388 a multiple of 26?
False
Does 13 divide 3198?
True
Is 47787 a multiple of 123?
False
Is 37 a factor of 976?
False
Is 603 a multiple of 8?
False
Is 17 a factor of 1666?
True
Is 128 a multiple of 16?
True
Does 23 divide 2511?
False
Does 25 divide 100?
True
Is 35 a factor of 21002?
False
Does 65 divide 77943?
False
Is 14940 a multiple of 18?
True
Is 24118 a multiple of 297?
False
Is 59512 a multiple of 73?
False
Is 7728 a multiple of 48?
True
Is 95 a multiple of 5?
True
Does 17 divide 90154?
False
Is 74 a multiple of 3?
False
Does 18 divide 293?
False
Is 23 a factor of 9866?
False
Is 29 a multiple of 4?
False
Is 36 a factor of 1143?
False
Is 31698 a multiple of 54?
True
Does 6 divide 543?
False
Is 50130 a multiple of 6?
True
Is 26 a factor of 165?
False
Is 47 a factor of 683?
False
Is 495 even?
False
Does 7 divide 3349?
False
Is 56 a factor of 2800?
True
Does 16 divide 17656?
False
Does 15 divide 1034?
False
Is 29 a factor of 68469?
True
Is 96 a factor of 884?
False
Is 233 a multiple of 65?
False
Is 1088 a multiple of 17?
True
Is 71 a factor of 30859?
False
Is 4725 a multiple of 45?
True
Is 1739 a multiple of 47?
True
Is 384 a multiple of 48?
True
Does 94 divide 2068?
True
Is 240 a multiple of 12?
True
Is 3 a factor of 11?
False
Does 29 divide 19244?
False
Is 714 a multiple of 14?
True
Is 6 a factor of 3537?
False
Is 33 a factor of 7359?
True
Does 4 divide 640?
True
Is 10207 a multiple of 11?
False
Is 24 a factor of 3096?
True
Is 192 a factor of 9532?
False
Does 18 divide 14724?
True
Is 2757 a multiple of 37?
False
Is 455 even?
False
Is 323 a multiple of 17?
True
Does 84 divide 4055?
False
Does 31 divide 571?
False
Does 61 divide 1891?
True
Is 3039 a multiple of 24?
False
Does 48 divide 13056?
True
Is 22 a factor of 438?
False
Is 4795 a multiple of 25?
False
Is 21122 a multiple of 65?
False
Is 22 a factor of 282?
False
Is 2 a factor of 299?
False
Is 1097 a multiple of 37?
False
Does 18 divide 378?
True
Does 28 divide 2839?
False
Is 139128 a multiple of 62?
True
Does 11 divide 16884?
False
Is 709 a multiple of 138?
False
Does 20 divide 1727?
False
Is 26 a factor of 41817?
False
Is 26 a factor of 2652?
True
Is 75 a factor of 65025?
True
Is 253 a multiple of 11?
True
Does 18 divide 252?
True
Is 80 a multiple of 5?
True
Does 15 divide 485?
False
Does 13 divide 36412?
False
Is 16 a factor of 3590?
False
Is 67558 a multiple of 12?
False
Is 39140 a multiple of 168?
False
Is 5 a factor of 12754?
False
Does 157 divide 40506?
True
Is 64 a factor of 1161?
False
Is 269 a factor of 44191?
False
Does 9 divide 42751?
False
Does 8 divide 8933?
False
Does 9 divide 2821?
False
Is 260 a multiple of 9?
False
Does 27 divide 17483?
False
Is 590 a multiple of 5?
True
Does 3 divide 5007?
True
Is 43029 a multiple of 21?
True
Is 60 a factor of 43740?
True
Is 78 a multiple of 13?
True
Is 8450 a multiple of 16?
False
Is 14030 a multiple of 61?
True
Is 21 a factor of 588?
True
Is 4698 a multiple of 81?
True
Is 40 a factor of 2278?
False
Is 28 a factor of 4129?
False
Is 3390 a multiple of 38?
False
Is 372 a multiple of 32?
False
Is 37 a factor of 811?
False
Is 43 a factor of 1935?
True
Is 15 a factor of 434?
False
Does 71 divide 14058?
True
Is 25 a factor of 6975?
True
Is 3638 a multiple of 34?
True
Is 21 a factor of 784?
False
Is 22795 a multiple of 97?
True
Is 14 a factor of 2156?
True
Is 31217 a multiple of 31?
True
Does 16 divide 175216?
True
Does 36 divide 468?
True
Is 136 a multiple of 34?
True
Does 3 divide 1266?
True
Is 11 a factor of 13498?
False
Does 51 divide 969?
True
Does 18 divide 24902?
False
Is 2051 a multiple of 13?
False
Is 4439 a multiple of 23?
True
Is 2089 a multiple of 4?
False
Is 449 a multiple of 19?
False
Does 52 divide 11013?
False
Does 20 divide 260?
True
Is 65 a multiple of 48?
False
Is 629 a multiple of 22?
False
Does 32 divide 3392?
True
Is 3789 a multiple of 18?
False
Is 57 even?
False
Is 308 a multiple of 7?
True
Is 9120 a multiple of 15?
True
Is 1240 a multiple of 6?
False
Is 1218 a multiple of 42?
True
Does 23 divide 3427?
True
Is 650 a multiple of 13?
True
Does 14 divide 53?
False
Is 20 a factor of 600?
True
Is 2054 a multiple of 35?
False
Is 13 a factor of 325?
True
Does 8 divide 5979?
False
Does 15 divide 4983?
False
Is 935 a multiple of 8?
False
Is 26 a factor of 312?
True
Is 8731 a multiple of 37?
False
Is 67 a factor of 938?
True
Is 24 a factor of 888?
True
Does 23 divide 113811?
False
Is 47 a factor of 950?
False
Is 20 a factor of 20480?
True
Does 9 divide 1260?
True
Is 10 a factor of 5462?
False
Does 16 divide 18387?
False
Is 536 a multiple of 37?
False
Is 5 a factor of 8576?
False
Is 8 a factor of 13760?
True
Is 37375 a multiple of 125?
True
Does 37 divide 296?
True
Does 9 divide 153?
True
Is 192 a multiple of 24?
True
Does 26 divide 2569?
False
Is 23 a factor of 20355?
True
Is 6 a factor of 21642?
True
Is 100768 a multiple of 84?
False
Is 3 a factor of 1006?
False
Does 11 divide 7228?
False
Is 1261 a multiple of 15?
False
Does 5 divide 350?
True
Is 47889 a multiple of 313?
True
Does 163 divide 59495?
True
Is 30696 a multiple of 53?
False
Is 21 a factor of 5021?
False
Is 6 a factor of 271?
False
Is 7 a multiple of 7?
True
Does 19 divide 703?
True
Is 10164 a multiple of 44?
True
Is 676 a multiple of 26?
True
Is 38 a factor of 2356?
True
Does 8 divide 5624?
True
Is 21 a factor of 1344?
True
Does 37 divide 3178?
False
Is 44 a factor of 436?
False
Do